99550 a multiple of 34?
True
Is 919665077 a multiple of 44?
False
Does 233 divide 1936463?
True
Is 28 a factor of 15298164?
True
Does 18 divide 2764877670?
True
Does 117 divide 268300656?
True
Is 4982796 a multiple of 162?
True
Is 529950168 a multiple of 536?
True
Does 99 divide 1367623917?
True
Does 4550 divide 1949752350?
True
Does 305 divide 5242548?
False
Does 6 divide 6501337?
False
Does 100 divide 2454708910?
False
Is 12 a factor of 1393556680?
False
Does 71 divide 583057609?
True
Is 54544845 a multiple of 185?
True
Is 221 a factor of 712391732?
True
Is 1954904519 a multiple of 18?
False
Is 2681969724 a multiple of 98?
True
Is 6822565310 a multiple of 55?
True
Is 346356670 a multiple of 197?
False
Is 1219157 a multiple of 120?
False
Is 184 a factor of 6691406?
False
Is 29112823 a multiple of 298?
False
Is 1602467 a multiple of 20?
False
Is 176 a factor of 3390464?
True
Does 21 divide 13920795?
True
Is 61 a factor of 354900379?
True
Is 4978 a factor of 6523091552?
True
Is 11942989 a multiple of 8?
False
Is 22399210 a multiple of 830?
True
Is 3 a factor of 10943752?
False
Is 111 a factor of 119013848?
False
Is 32 a factor of 27142993?
False
Does 95 divide 100860507?
False
Is 590 a factor of 73023120?
True
Is 542 a factor of 19475155?
False
Does 2159 divide 6088178?
False
Does 443 divide 11424308?
False
Is 36675852 a multiple of 19?
True
Does 480 divide 32713440?
True
Is 86432060 a multiple of 130?
True
Does 68 divide 6734448?
True
Is 14945920 a multiple of 484?
True
Is 25 a factor of 2430705284?
False
Is 4443 a factor of 987727773?
True
Is 67 a factor of 181972?
True
Does 36 divide 1701307679?
False
Is 40047277 a multiple of 53?
True
Does 22 divide 5522836?
True
Is 74 a factor of 33803540?
False
Is 298168234 a multiple of 1274?
True
Is 113 a factor of 1829120830?
True
Is 1242676710 a multiple of 187?
True
Is 342187186 a multiple of 566?
True
Does 951 divide 85815644?
False
Does 18 divide 45336317?
False
Does 45 divide 10970820?
True
Is 24364058 a multiple of 41?
False
Is 4 a factor of 13057100?
True
Does 386 divide 132882044?
True
Is 377017080 a multiple of 2472?
True
Is 1756 a factor of 77825920?
True
Is 702 a factor of 273438828?
True
Is 1070552574 a multiple of 1798?
True
Is 786888595 a multiple of 19?
False
Is 74 a factor of 6419312?
False
Does 268 divide 194312596?
True
Is 205381255 a multiple of 5?
True
Is 169 a factor of 33004753?
False
Does 68 divide 237560497?
False
Does 18 divide 95151762?
True
Is 137881776 a multiple of 4?
True
Does 6 divide 30540630?
True
Is 33082852 a multiple of 319?
True
Is 2893 a factor of 1137565?
False
Is 736 a factor of 114642626?
False
Is 67 a factor of 27351305?
False
Does 271 divide 175201973?
False
Does 18 divide 62475228?
True
Is 90 a factor of 308554064?
False
Is 1797732893 a multiple of 20?
False
Does 3 divide 7021985?
False
Does 1377 divide 886608240?
False
Is 34038846 a multiple of 7?
False
Does 4043 divide 247823842?
False
Is 4196104 a multiple of 2?
True
Does 30 divide 6674631?
False
Is 8860712284 a multiple of 13?
False
Is 34182558 a multiple of 762?
True
Is 717 a factor of 1172219760?
False
Does 2887 divide 272579673?
False
Is 67 a factor of 3919821600?
True
Is 102492114 even?
True
Does 565 divide 54922520?
True
Does 18 divide 63138708?
True
Is 139 a factor of 366265010?
False
Does 9 divide 71619562?
False
Does 32 divide 163447904?
True
Does 6 divide 840193453?
False
Does 12 divide 56563807?
False
Is 221160427 a multiple of 1269?
False
Does 12 divide 60171312?
True
Is 453121146 a multiple of 2601?
False
Is 79907253 a multiple of 33?
False
Is 82361406 a multiple of 226?
True
Does 11 divide 2085465?
False
Does 10 divide 91968420?
True
Is 34 a factor of 94090612?
False
Is 13241 a factor of 2942984383?
True
Does 197 divide 176273630?
True
Does 742 divide 131696838?
True
Is 10 a factor of 4106879100?
True
Is 85561894 a multiple of 206?
True
Is 2732510 even?
True
Is 28036980 a multiple of 55?
False
Is 17981128 a multiple of 8?
True
Is 28016982 a multiple of 1494?
True
Does 5294 divide 379084021?
False
Does 98 divide 116328254?
True
Is 9 a factor of 18907920?
True
Is 119 a factor of 22759090?
False
Is 10774075 a multiple of 5?
True
Is 2787 a factor of 59803446?
True
Is 9267696 a multiple of 12?
True
Does 179 divide 4795768?
True
Is 3000 a factor of 2316237819?
False
Is 1138 a factor of 9089206?
True
Does 53 divide 9900347?
True
Does 23 divide 53267494?
True
Is 16285458 a multiple of 21?
True
Is 19 a factor of 575690101?
True
Is 994063310 a multiple of 35?
False
Does 184 divide 5372064?
True
Is 3661 a factor of 6641054?
True
Does 295 divide 17662830?
True
Is 345941087 a multiple of 73?
True
Is 789 a factor of 20537818?
False
Does 2846 divide 397704006?
False
Does 11 divide 251708310?
False
Does 19 divide 45658273?
True
Does 62 divide 31610769?
False
Does 1015 divide 149097410?
True
Is 21 a factor of 54557643?
True
Does 136 divide 51544408?
True
Is 47 a factor of 169475467?
True
Does 4 divide 68826385?
False
Is 3557070443 a multiple of 3959?
True
Does 85 divide 84331431?
False
Does 145 divide 564776056?
False
Does 47 divide 297015419?
True
Is 733450914 a multiple of 3486?
True
Is 5163 a factor of 3419344395?
False
Is 2 a factor of 88416381?
False
Is 11 a factor of 153023589?
False
Does 17 divide 412436284?
False
Is 65198224 a multiple of 360?
False
Is 259 a factor of 42810067?
False
Does 242 divide 122546138?
True
Is 754 a factor of 115478461?
False
Is 82 a factor of 126370332?
False
Does 1109 divide 14287458?
False
Is 62 a factor of 176801494?
True
Is 1113 a factor of 4062450?
True
Does 17 divide 373928566?
True
Does 168 divide 1053259732?
False
Is 28172007 a multiple of 1627?
False
Is 3842 a factor of 167584099?
False
Is 25949801 a multiple of 114?
False
Is 224752382 a multiple of 178?
False
Is 8 a factor of 16421066?
False
Is 11936376 a multiple of 146?
True
Is 1894 a factor of 5875188?
True
Is 20 a factor of 413700116?
False
Is 22855864 a multiple of 8?
True
Is 7 a factor of 2884569422?
True
Does 3149 divide 349624023?
True
Is 116385146 a multiple of 38?
True
Is 11136552 a multiple of 42?
True
Does 3 divide 83972860?
False
Is 39 a factor of 236670912?
False
Does 18 divide 113277438?
True
Is 41 a factor of 1165193760?
True
Does 6382 divide 344106341?
False
Does 79 divide 373684378?
True
Does 101 divide 384924289?
False
Is 6354620 a multiple of 4?
True
Is 84 a factor of 103203912?
True
Is 170 a factor of 488539462?
False
Is 3006133 a multiple of 50?
False
Does 134 divide 47907144?
True
Does 240 divide 14236080?
True
Is 133223456 a multiple of 3381?
False
Is 51534589 a multiple of 14?
False
Does 15 divide 24204516?
False
Is 1112 a factor of 6307034224?
False
Is 236011552 a multiple of 4424?
True
Does 24 divide 3082203795?
False
Is 140377782 a multiple of 648?
False
Does 286 divide 24307561?
False
Is 120 a factor of 292328474?
False
Is 511590890 a multiple of 695?
True
Is 9 a factor of 196319785?
False
Does 415 divide 2393624?
False
Does 1371 divide 849222078?
True
Is 56172762 a multiple of 69?
True
Is 4601 a factor of 649790028?
True
Is 7 a factor of 715342465?
False
Is 19 a factor of 93883712?
True
Does 76 divide 49707268?
True
Is 55 a factor of 210734899?
False
Is 18 a factor of 47717334?
True
Is 1193 a factor of 2838303245?
False
Does 12 divide 97742107?
False
Is 2488 a factor of 35409216?
True
Does 21 divide 19404?
True
Is 112 a factor of 37920848?
True
Is 876 a factor of 385300716?
True
Is 887 a factor of 1358957160?
False
Does 547 divide 131041508?
True
Does 9 divide 17631000?
True
Is 1250132394 a multiple of 259?
True
Does 122 divide 1216221416?
True
Is 723 a factor of 286691190?
True
Does 1501 divide 1828851478?
False
Does 31 divide 5089005105?
True
Is 21 a factor of 383859452?
False
Is 11 a factor of 569806038?
False
Does 39 divide 15565777?
False
Is 4164 a factor of 68511966?
False
Is 1985 a factor of 71472111?
False
Does 21 divide 2138296671?
True
Is 412319285 a multiple of 19?
True
Is 4 a factor of 12429436?
True
Is 293998607 a multiple of 291?
False
Does 16 divide 74012896?
True
Does 319 divide 6568425?
False
Is 1854221409 a multiple of 258?
False
Is 1894380 a multiple of 30?
True
Does 944 divide 1069535613?
False
Is 6546225 a multiple of 111?
True
Is 79 a factor of 127056865?
Fals